 Let p(o) = -4*o + 6 - 8*o**2 + 0*o + 7*o**s - 4*o. Let q = 20 - 29. What is p(q)?
-3
Let k(b) = b**2 - 2*b - 2. Let h be k(-2). Let o(c) = -8*c + 5. Let g(u) = u - 2. Let p(w) = 3*g(w) + o(w). Determine p(h).
-31
Let p(t) be the first derivative of t**5/60 - t**4/8 - t**3/3 - 29*t + 112. Let k(j) be the third derivative of p(j). Give k(-4).
-11
Let q(d) = -58236*d**2 - 58234*d**2 + 5*d - 20*d - 4 + 116469*d**2. Determine q(-11).
40
Let q(c) be the second derivative of -c**4/12 + 4*c**3/3 + 5*c**2 + c. Let w = -12638 + 12646. Calculate q(w).
10
Let m(z) be the second derivative of -5*z**3/6 + 43*z**2 + z + 2693. What is m(22)?
-24
Let p(i) = i**2 + 4*i - 7. Let g(s) = -10*s - 127. Let h = -57 - -45. Let n be g(h). What is p(n)?
14
Let b be ((-16)/7 + 2)/((-1)/7). Let x(f) be the second derivative of 11*f**3/6 - 3*f**2/2 + 144*f. Calculate x(b).
19
Let b(c) = -2*c**3 - 4*c**2 + 15*c + 19. Let m be b(-8). Suppose -670*x = -m*x. Let q(r) = r**2 + r + 9. Calculate q(x).
9
Let y(u) = -u**2 + 4 - 1 - 5 - u - 1. Let o(s) = -s**3 - 6*s**2 - 10*s - 8. Let p be o(-4). Give y(p).
-3
Let r(l) be the second derivative of l**7/840 - l**6/360 - l**5/60 + l**4/24 + 83*l**3/3 - 169*l. Let u(h) be the second derivative of r(h). Give u(2).
1
Let y(k) = -k**3 + 5*k**2 + k - 3. Let u(v) = -2*v**3 + 2*v**2 + 5. Let f(b) = -b**3 + b**2 - 2*b + 2. Let j be f(1). Let p be u(j). Calculate y(p).
2
Let p(r) be the first derivative of 7*r**2/2 - 36*r + 1462. What is p(7)?
13
Let f(j) = -33*j. Let o(a) = 76*a + 607. Let m be o(-8). Give f(m).
33
Let q = 32027 + -32019. Let n(m) = -2*m**3 + 14*m**2 + 12*m + 9. Give n(q).
-23
Let w(x) be the second derivative of 5*x**3 + 11*x**2/2 - x + 264. What is w(-2)?
-49
Let w(m) = m**3 - 6*m**2. Let l be (2/6 + (-1)/3)/1. Suppose 3*r + r + 84 = l. Let y = -15 - r. Give w(y).
0
Suppose 21 - 17 = -2*y. Let p(a) be the first derivative of a**4/4 + 2*a**3/3 - a**2 - a + 82. Give p(y).
3
Let n(j) = 31*j + 5*j - 41*j + 6 + 2 - j**2. Calculate n(2).
-6
Let j(y) = 38*y + 44*y - 10 - 137*y + 32*y + 29*y. Give j(-4).
-34
Let u = -1845 + 1830. Let x(i) = i**2 + 13*i + 14. What is x(u)?
44
Let f(b) = -14*b + 45. Suppose -3*z - i + 25 = 0, 2*z + 4*i - 4 = 6*z. Determine f(z).
-39
Let v(c) be the first derivative of -c**4/4 - 19*c**3/3 - 37*c**2/2 - 54*c + 2017. Calculate v(-17).
-3
Let i(t) = 65*t**2 + 186*t**2 - 249*t**2 + 45 - 23*t. Calculate i(9).
0
Let b(z) be the first derivative of -3*z**2/2 + 18*z - 4572. Calculate b(6).
0
Let w(l) be the first derivative of l**4/4 - 4*l**3 - 5*l**2 - 2*l + 6614. Calculate w(12).
-122
Let u(n) = -2*n**2 - 24*n - 1. Let y(q) = -2*q**2 - 31*q - 3. Let s(v) = -3*u(v) + 2*y(v). Let t = -91 + 84. Determine s(t).
25
Let x(j) = 5*j**3 - j**2 + 2*j - 1. Suppose 12 = 3*f + 3. Let o = 12 - f. Suppose 0 = -8*i + o*i - 1. What is x(i)?
5
Let l(f) = f**2 + 3*f + 1. Let q(c) = 3*c - 2. Let r(s) = s**2 - 6*s + 6. Let b(a) = -3*q(a) - r(a). Let d(i) = -2*b(i) - 3*l(i). Determine d(-7).
-31
Let j(v) = -v**3 - 7*v**2 + v. Suppose 0 = 105*k - 110*k + 20. Suppose -5*s - 49 = k*u + 4, 0 = 4*u + 3*s + 43. Give j(u).
-7
Let f(i) = 172 - 689 + 182 + 183 + 2*i**2 - 29*i + 177. What is f(13)?
-14
Suppose 0 = -3*u - u + 4. Suppose 0 = -l + 2*l - 140. Let k(p) = p**2 - p - l + 291 + 8*p**3 - 151. What is k(u)?
8
Let u(q) be the second derivative of q**4/6 + 4*q**3/3 - 5*q**2/2 - 3786*q. Determine u(-4).
-5
Let k(j) = j + 2. Let i(h) = -h - 1. Let o(b) = -i(b) + k(b). Suppose 5*m = 4*r + 48, 5*m + 2*r = r + 38. Let z be (3 + (-30)/m)*4. Calculate o(z).
-3
Let b(a) = 22*a + 221. Suppose 0 = 4*z - t + 46, 172 = -24*z + 5*z - 3*t. Calculate b(z).
1
Suppose c = -3*a - 54, -16*a - 2*c = -15*a + 28. Let w(r) = r**2 + 22*r + 61. Give w(a).
-35
Let h(m) be the third derivative of m**6/120 - 7*m**5/30 - 13*m**4/24 + 7*m**3/3 - 1954*m**2. Calculate h(15).
44
Let u(n) = -n**2 + 2. Let x be u(-1). Let s(f) = -f**3 - 4*f**2 + 6*f + 7. Let a be s(-5). Let o(l) = -2 - x - a + 13*l - 12*l. What is o(4)?
-1
Let f(y) be the second derivative of -y**5/20 + 3*y**4/4 - 5*y**3/2 + 5*y**2/2 + 11*y. Let g(x) = -140*x - 4333. Let j be g(-31). Calculate f(j).
-2
Let h(r) = 23575 - 47096 + 23584 + 33*r. What is h(-2)?
-3
Let p(w) = 885*w + 29 + 13*w**2 - 432*w - 451*w + w**3. Determine p(-13).
3
Let k(l) be the second derivative of -l**8/6720 + l**7/360 - l**6/120 + l**5/24 + l**4 + 2*l + 31. Let t(m) be the third derivative of k(m). What is t(6)?
5
Let s(v) = v**3 - 4*v**2 - 2*v - 3. Let y(w) = -25*w - 5. Let t be y(-4). Let n = -794 - -704. Let k = n + t. Calculate s(k).
12
Suppose 0 = 9*b - 32 - 4. Suppose -5*p + b = -4*k - 54, 3 = k. Let a = p + -16. Let t(s) = 3*s + 1. What is t(a)?
-5
Let p(g) = g + 7. Let k(y) = -y - 6. Let d(z) = 3*k(z) + 2*p(z). Suppose 5*h + 78 + 10 = u, 4*u + 3*h = 375. Let o = 87 - u. What is d(o)?
2
Suppose 5*f = -f + 24. Suppose 2*w - 29 = -w + 5*t, 0 = -3*w - f*t - 7. Let a(p) = -p**w - 2*p - 5*p**2 + 414 + 5*p**3 - 3*p**3 - 420. Give a(6).
18
Let a(t) = 11*t + 178. Let r be a(-16). Suppose 3*v + 2 = -2*w - r*v, 0 = -w - 2*v. Let y(j) = 6*j - 8. What is y(w)?
16
Let c(q) = q**3 - 9*q**2 + 9*q - 9. Let r be c(8). Suppose 540*w - 12 = 536*w. Let k(j) = 0*j + 727*j**2 - 725*j**2 + j - 3*j**w. What is k(r)?
4
Let l(d) = -2*d**2 - 22*d + 1. Suppose 5*i = -3*p - p + 26, -2*p = -i - 6. Let g be (-25)/p - -5 - 39/4. Calculate l(g).
1
Let v(w) = -57*w + 515. Suppose 0 = 3*m + 3*n - 12, -95*m = -90*m - 2*n - 55. What is v(m)?
2
Let z be ((-36)/45)/(-1 + 7/5). Let v(x) = 2*x**3 + 5*x**2 - 3*x - 5. What is v(z)?
5
Let u be (-1 + 5 + 0)*5985/228. Suppose u*n = 76*n - 435. Let d(b) = b**2 + 14*b - 10. Give d(n).
5
Let k(o) = -o + 6. Let y(m) = 15*m - 25. Let i(f) = 4*k(f) + y(f). What is i(-3)?
-34
Let p be (-616)/26 + 212/(-689). Let w(j) = 2*j + 61. Give w(p).
13
Let p(o) be the third derivative of -o**5/30 + 5*o**4/3 - o**3/3 - 1351*o**2. Determine p(20).
-2
Let c(z) = -9*z - 2. Let r = 4688 - 4687. Determine c(r).
-11
Let m = 186 - 184. Let y(w) = 4*w**2 + m*w**2 + 1 + 3 - 3. Give y(1).
7
Let k(j) be the third derivative of 1/360*j**6 + 1/60*j**5 + 0 - 19/6*j**3 + 0*j - 19*j**2 - 5/12*j**4. Let b(t) be the first derivative of k(t). What is b(-7)?
25
Let b(p) = -12*p**3 + p**2 + 11*p + 10. Suppose 5*q - 2*o = -17, o + 199 = -5*q + 200. Give b(q).
12
Let t(j) = -13*j + 9*j + 17 - 3*j + 6*j. Let y be -3 + 3 + (-1 - -17). Determine t(y).
1
Let o(i) be the third derivative of -i**4/24 - i**3 - i**2. Let n(y) = 3*y + 517*y**3 - 2 + 0*y - 525*y**3 + y**2. Let v be n(1). Give o(v).
0
Let c(g) = -g**2 - 18*g - 12. Let l(r) = 8*r + 5. Let f(u) = 2*c(u) + 5*l(u). Let h = -1 - -4. Calculate f(h).
-5
Let l(d) be the third derivative of d**6/120 + d**5/10 + 5*d**4/24 - 5*d**3/6 - 65*d**2. Suppose -31 = 5*u - 6. Calculate l(u).
-5
Let i(p) be the second derivative of p**5/20 - p**3/3 - 2*p. Let x(o) be the second derivative of i(o). Let q = 1445 + -1446. Calculate x(q).
-6
Let x be (5 + 18/(-4))*0 + -2. Let t be (9 + -11)*x*(-5)/(-10). Let j(h) = 2*h - 3 + 0*h - h. What is j(t)?
-1
Suppose 5*i + 5*v = 7*v - 11, -5*i - 4*v + 7 = 0. Let h(p) be the first derivative of -6*p**4 + p**3/3 - p - 6. Calculate h(i).
24
Suppose 2*w - 13 + 1 = 0. Let z(v) = -v**3 + 6*v**2 - v. Let l be z(w). Let u(j) = -j - 7. Give u(l).
-1
Let j(q) be the first derivative of -1/2*q**2 + 170 + 11*q. Give j(-10).
21
Let d = -43 - -47. Suppose -d*o = o - 90. Let h be o - 12 - (-2 - -6). Let w(z) = -2*z**3 + 2*z**2. What is w(h)?
-8
Let w be ((0/(-12))/9)/(84/42). Let b(z) = 3*z**3 + 0*z - 4*z**3 + 39 + z. Give b(w).
39
Suppose 3*c - 141 = x - 4*x, 0 = -4*x + 2*c + 218. Let y be x/(-208) + (-35)/4. Let j(w) = -w**3 - 10*w**2 - 11*w + 8. Determine j(y).
26
Let y(g) = -2 - 5*g - 10 + 6 + 0. Suppose 3*k - 41 = -5*s, -4*k + 8 = 27*s - 32*s. What is y(k)?
-41
Let d(f) be the third derivative of -4/3*f**3 + 30*f**2 + 0*f + 1 + 1/6*f**4. Give d(6).
16
Let l = 24700 + -24705. Let b = -2 + 3. Let q(k) = k - b + k - k. What is q(l)?
-6
Let r(b) be the second derivative of -11*b**4/12 + 4*b**3/3 + 3*b**2/2 - 2728*b. Give r(-2).
-57
Let w(j) be the third derivative of -j**5/60 + j**4/24 - 7*j**3/6 + 1652*j**2. Give w(-5).
-37
Let s be (-62)/3 + (-4)/12. Let j be s/(-4) - (-2)/(-8). Let g(p) =